{"id":170,"date":"2026-05-09T19:32:38","date_gmt":"2026-05-09T19:32:38","guid":{"rendered":"https:\/\/test.vonderheyde.de\/?page_id=170"},"modified":"2026-05-09T20:05:11","modified_gmt":"2026-05-09T20:05:11","slug":"impressum","status":"publish","type":"page","link":"https:\/\/www.vonderheyde.de\/?page_id=170","title":{"rendered":"Impressum"},"content":{"rendered":"\n<p>Impressum<\/p>\n\n\n\n<p>Angaben gem\u00e4\u00df \u00a7 5 DDG<\/p>\n\n\n\n<p>von der Heyde Mess- und Ortungstechnik GmbH<br>Sachsenstra\u00dfe 15<br>58708 Menden<br>Deutschland<\/p>\n\n\n\n<p>Vertreten durch:<br>Mario von der Heyde<\/p>\n\n\n\n<p>Kontakt<\/p>\n\n\n\n<p>Telefon: 02372 \/ 552249<br>Mobil: 0163 \/ 6963410<br>E-Mail: info@vonderheyde.de<br>Website: www.vonderheyde.de<\/p>\n\n\n\n<p>Registereintrag<\/p>\n\n\n\n<p>Eintragung im Handelsregister.<br>Registergericht: Amtsgericht Arnsberg<br>Registernummer: HRB 16231<\/p>\n\n\n\n<p>Umsatzsteuer<\/p>\n\n\n\n<p>Umsatzsteuer-Identifikationsnummer gem\u00e4\u00df \u00a7 27a Umsatzsteuergesetz:<br>DE459730175<\/p>\n\n\n\n<p>Verantwortlich f\u00fcr den Inhalt nach \u00a7 18 Abs. 2 MStV<\/p>\n\n\n\n<p>Mario von der Heyde<br>von der Heyde Mess- und Ortungstechnik GmbH<br>Sachsenstra\u00dfe 15<br>58708 Menden<\/p>\n\n\n\n<p>Haftung f\u00fcr Inhalte<\/p>\n\n\n\n<p>Als Diensteanbieter sind wir gem\u00e4\u00df den allgemeinen gesetzlichen Bestimmungen f\u00fcr eigene Inhalte auf diesen Seiten verantwortlich. Wir sind jedoch nicht verpflichtet, \u00fcbermittelte oder gespeicherte fremde Informationen zu \u00fcberwachen oder nach Umst\u00e4nden zu forschen, die auf eine rechtswidrige T\u00e4tigkeit hinweisen.<\/p>\n\n\n\n<p>Haftung f\u00fcr Links<\/p>\n\n\n\n<p>Unser Angebot kann Links zu externen Websites Dritter enthalten, auf deren Inhalte wir keinen Einfluss haben. Deshalb k\u00f6nnen wir f\u00fcr diese fremden Inhalte keine Gew\u00e4hr \u00fcbernehmen. F\u00fcr die Inhalte der verlinkten Seiten ist stets der jeweilige Anbieter oder Betreiber der Seiten verantwortlich.<\/p>\n\n\n\n<p>Urheberrecht<\/p>\n\n\n\n<p>Die durch den Seitenbetreiber erstellten Inhalte und Werke auf dieser Website unterliegen dem deutschen Urheberrecht. Beitr\u00e4ge Dritter sind als solche gekennzeichnet. Eine Vervielf\u00e4ltigung, Bearbeitung, Verbreitung oder sonstige Nutzung au\u00dferhalb der Grenzen des Urheberrechts bedarf der schriftlichen Zustimmung des jeweiligen Autors bzw. Erstellers.<\/p>\n\n\n\n<p>Verbraucherstreitbeilegung<\/p>\n\n\n\n<p>Wir sind nicht verpflichtet und nicht bereit, an Streitbeilegungsverfahren vor einer Verbraucherschlichtungsstelle teilzunehmen.<\/p>\n","protected":false},"excerpt":{"rendered":"<p>Impressum Angaben gem\u00e4\u00df \u00a7 5 DDG von der Heyde Mess- und Ortungstechnik GmbHSachsenstra\u00dfe 1558708 MendenDeutschland Vertreten durch:Mario von der Heyde Kontakt Telefon: 02372 \/ 552249Mobil: 0163 \/ 6963410E-Mail: info@vonderheyde.deWebsite: www.vonderheyde.de Registereintrag Eintragung im Handelsregister.Registergericht: Amtsgericht ArnsbergRegisternummer: HRB 16231 Umsatzsteuer Umsatzsteuer-Identifikationsnummer gem\u00e4\u00df \u00a7 27a Umsatzsteuergesetz:DE459730175 Verantwortlich f\u00fcr den Inhalt nach \u00a7 18 Abs. 2 MStV Mario [&hellip;]<\/p>\n","protected":false},"author":1,"featured_media":0,"parent":0,"menu_order":0,"comment_status":"closed","ping_status":"closed","template":"","meta":{"om_disable_all_campaigns":false,"_monsterinsights_skip_tracking":false,"_monsterinsights_sitenote_active":false,"_monsterinsights_sitenote_note":"","_monsterinsights_sitenote_category":0,"footnotes":""},"class_list":["post-170","page","type-page","status-publish","hentry"],"aioseo_notices":[],"_links":{"self":[{"href":"https:\/\/www.vonderheyde.de\/index.php?rest_route=\/wp\/v2\/pages\/170","targetHints":{"allow":["GET"]}}],"collection":[{"href":"https:\/\/www.vonderheyde.de\/index.php?rest_route=\/wp\/v2\/pages"}],"about":[{"href":"https:\/\/www.vonderheyde.de\/index.php?rest_route=\/wp\/v2\/types\/page"}],"author":[{"embeddable":true,"href":"https:\/\/www.vonderheyde.de\/index.php?rest_route=\/wp\/v2\/users\/1"}],"replies":[{"embeddable":true,"href":"https:\/\/www.vonderheyde.de\/index.php?rest_route=%2Fwp%2Fv2%2Fcomments&post=170"}],"version-history":[{"count":2,"href":"https:\/\/www.vonderheyde.de\/index.php?rest_route=\/wp\/v2\/pages\/170\/revisions"}],"predecessor-version":[{"id":182,"href":"https:\/\/www.vonderheyde.de\/index.php?rest_route=\/wp\/v2\/pages\/170\/revisions\/182"}],"wp:attachment":[{"href":"https:\/\/www.vonderheyde.de\/index.php?rest_route=%2Fwp%2Fv2%2Fmedia&parent=170"}],"curies":[{"name":"wp","href":"https:\/\/api.w.org\/{rel}","templated":true}]}}